vided by 15.
13
What is the remainder when 429 is divided by 143?
0
What is the remainder when 355 is divided by 38?
13
What is the remainder when 1622 is divided by 538?
8
What is the remainder when 224 is divided by 121?
103
Calculate the remainder when 167 is divided by 10.
7
Calculate the remainder when 174 is divided by 5.
4
Calculate the remainder when 831 is divided by 21.
12
Calculate the remainder when 10960 is divided by 87.
85
Calculate the remainder when 190 is divided by 66.
58
What is the remainder when 3070 is divided by 204?
10
Calculate the remainder when 480 is divided by 22.
18
What is the remainder when 214 is divided by 65?
19
Calculate the remainder when 719 is divided by 31.
6
What is the remainder when 3135 is divided by 98?
97
Calculate the remainder when 227 is divided by 31.
10
What is the remainder when 4723 is divided by 315?
313
Calculate the remainder when 997 is divided by 11.
7
Calculate the remainder when 4346 is divided by 174.
170
Calculate the remainder when 1020 is divided by 23.
8
Calculate the remainder when 804 is divided by 270.
264
What is the remainder when 2231 is divided by 20?
11
Calculate the remainder when 154 is divided by 134.
20
Calculate the remainder when 6867 is divided by 39.
3
Calculate the remainder when 234 is divided by 104.
26
What is the remainder when 409 is divided by 93?
37
Calculate the remainder when 1501 is divided by 615.
271
Calculate the remainder when 106 is divided by 18.
16
What is the remainder when 628 is divided by 119?
33
Calculate the remainder when 729 is divided by 174.
33
What is the remainder when 120 is divided by 13?
3
What is the remainder when 128 is divided by 23?
13
Calculate the remainder when 2817 is divided by 935.
12
Calculate the remainder when 52 is divided by 6.
4
What is the remainder when 95 is divided by 87?
8
Calculate the remainder when 66 is divided by 34.
32
Calculate the remainder when 1519 is divided by 117.
115
Calculate the remainder when 327 is divided by 111.
105
What is the remainder when 476 is divided by 64?
28
Calculate the remainder when 120 is divided by 21.
15
What is the remainder when 4611 is divided by 149?
141
Calculate the remainder when 260 is divided by 44.
40
Calculate the remainder when 373 is divided by 22.
21
Calculate the remainder when 39 is divided by 28.
11
Calculate the remainder when 103 is divided by 9.
4
Calculate the remainder when 42 is divided by 8.
2
What is the remainder when 109 is divided by 102?
7
Calculate the remainder when 4520 is divided by 133.
131
What is the remainder when 333 is divided by 48?
45
What is the remainder when 183 is divided by 62?
59
What is the remainder when 931 is divided by 53?
30
Calculate the remainder when 585 is divided by 49.
46
Calculate the remainder when 240 is divided by 81.
78
Calculate the remainder when 4209 is divided by 383.
379
What is the remainder when 50 is divided by 3?
2
Calculate the remainder when 2471 is divided by 107.
10
What is the remainder when 672 is divided by 58?
34
Calculate the remainder when 100 is divided by 19.
5
What is the remainder when 10808 is divided by 106?
102
Calculate the remainder when 386 is divided by 173.
40
Calculate the remainder when 120 is divided by 5.
0
Calculate the remainder when 480 is divided by 7.
4
Calculate the remainder when 961 is divided by 37.
36
What is the remainder when 3720 is divided by 16?
8
Calculate the remainder when 335 is divided by 108.
11
Calculate the remainder when 548 is divided by 48.
20
Calculate the remainder when 4947 is divided by 11.
8
Calculate the remainder when 838 is divided by 19.
2
Calculate the remainder when 88 is divided by 47.
41
Calculate the remainder when 522 is divided by 175.
172
What is the remainder when 2340 is divided by 773?
21
Calculate the remainder when 211 is divided by 131.
80
Calculate the remainder when 4214 is divided by 34.
32
Calculate the remainder when 304 is divided by 17.
15
Calculate the remainder when 116 is divided by 42.
32
Calculate the remainder when 236 is divided by 53.
24
Calculate the remainder when 549 is divided by 58.
27
Calculate the remainder when 2160 is divided by 23.
21
Calculate the remainder when 188 is divided by 101.
87
What is the remainder when 371 is divided by 74?
1
Calculate the remainder when 1686 is divided by 285.
261
Calculate the remainder when 71 is divided by 31.
9
Calculate the remainder when 1339 is divided by 61.
58
Calculate the remainder when 2027 is divided by 29.
26
Calculate the remainder when 827 is divided by 23.
22
What is the remainder when 7440 is divided by 4?
0
Calculate the remainder when 626 is divided by 126.
122
What is the remainder when 87 is divided by 11?
10
Calculate the remainder when 152 is divided by 44.
20
Calculate the remainder when 302 is divided by 38.
36
Calculate the remainder when 1347 is divided by 9.
6
What is the remainder when 308 is divided by 52?
48
What is the remainder when 221 is divided by 17?
0
Calculate the remainder when 145 is divided by 10.
5
Calculate the remainder when 861 is divided by 35.
21
Calculate the remainder when 24856 is divided by 18.
16
Calculate the remainder when 15 is divided by 4.
3
What is the remainder when 403 is divided by 132?
7
Calculate the remainder when 513 is divided by 88.
73
Calculate the remainder when 104 is divided by 17.
2
Calculate the remainder when 2839 is divided by 49.
46
Calculate the remainder when 626 is divided by 201.
23
Calculate the remainder when 19194 is divided by 120.
114
What is the remainder when 268 is divided by 35?
23
Calculate the remainder when 233 is divided by 16.
9
What is the remainder when 2174 is divided by 15?
14
Calculate the remainder when 181 is divided by 93.
88
What is the remainder when 5653 is divided by 109?
94
What is the remainder when 53 is divided by 14?
11
Calculate the remainder when 1845 is divided by 42.
39
Calculate the remainder when 55 is divided by 7.
6
What is the remainder when 490 is divided by 12?
10
What is the remainder when 1728 is divided by 172?
8
Calculate the remainder when 351 is divided by 52.
39
What is the remainder when 249 is divided by 41?
3
What is the remainder when 93 is divided by 91?
2
Calculate the remainder when 515 is divided by 47.
45
What is the remainder when 486 is divided by 139?
69
What is the remainder when 621 is divided by 149?
25
Calculate the remainder when 7 is divided by 4.
3
Calculate the remainder when 1643 is divided by 16.
11
What is the remainder when 35957 is divided by 20?
17
What is the remainder when 8320 is divided by 1187?
11
What is the remainder when 65857 is divided by 37?
34
Calculate the remainder when 878 is divided by 44.
42
Calculate the remainder when 1378 is divided by 174.
160
What is the remainder when 287 is divided by 79?
50
Calculate the remainder when 834 is divided by 166.
4
What is the remainder when 193 is divided by 97?
96
Calculate the remainder when 545 is divided by 42.
41
Calculate the remainder when 895 is divided by 356.
183
Calculate the remainder when 1660 is divided by 104.
100
What is the remainder when 893 is divided by 179?
177
Calculate the remainder when 998 is divided by 77.
74
What is the remainder when 240 is divided by 33?
9
Calculate the remainder when 1829 is divided by 116.
89
Calculate the remainder when 3476 is divided by 4.
0
Calculate the remainder when 324 is divided by 13.
12
What is the remainder when 174 is divided by 59?
56
What is the remainder when 2413 is divided by 26?
21
Calculate the remainder when 646 is divided by 9.
7
Calculate the remainder when 2320 is divided by 330.
10
What is the remainder when 789 is divided by 284?
221
Calculate the remainder when 3263 is divided by 17.
16
What is the remainder when 664 is divided by 306?
52
What is the remainder when 650 is divided by 48?
26
What is the remainder when 380 is divided by 9?
2
Calculate the remainder when 485 is divided by 229.
27
What is the remainder when 11099 is divided by 20?
19
What is the remainder when 189 is divided by 56?
21
What is the remainder when 790 is divided by 140?
90
What is the remainder when 834 is divided by 35?
29
What is the remainder when 119 is divided by 39?
2
Calculate the remainder when 109 is di